
What is -100110100111111101100010 (base 2) in base 10?
-10125154
Convert -6701 (base 8) to base 6.
-24145
What is 3631750 (base 8) in base 6?
33204344
What is -10111001101001101110110 (base 2) in base 10?
-6083446
What is d13d (base 15) in base 11?
301a4
10000111100111110000 (base 2) to base 3
1001020000020
Convert -6607152 (base 8) to base 14.
-3422a6
What is -6d05a4 (base 15) in base 12?
-18b639a
What is 576234 (base 13) in base 14?
3bc4dd
What is -702a7b (base 15) in base 11?
-3007614
What is -9bb6 (base 14) in base 3?
-1101001110
Convert 34402215 (base 6) to base 2.
100000010010100000011
What is 116504 (base 9) in base 13?
2606b
11020333030 (base 4) to base 6
44514324
What is 1011001 (base 2) in base 5?
324
What is 1112031111 (base 4) in base 12?
150419
-4b2332 (base 14) to base 13
-6c442c
17016 (base 10) to base 7
100416
-1402137 (base 9) to base 10
-769210
Convert -632536 (base 7) to base 6.
-2200351
What is -5056901 (base 10) in base 9?
-10456678
61048 (base 9) to base 13
15368
-46dab (base 14) to base 16
-2a31b
33b99ba (base 13) to base 10
15929924
-1340134 (base 8) to base 5
-44030144
Convert -67007 (base 16) to base 9.
-712652
What is -1053665 (base 8) in base 2?
-1000101011110110101
Convert 10022110210022 (base 3) to base 11.
aa316a
2876b29 (base 13) to base 10
12838965
Convert -6030e (base 15) to base 11.
-198803
Convert 1100110101001010 (base 2) to base 6.
1043150
Convert 245377 (base 8) to base 9.
138210
What is 33567241 (base 8) in base 2?
11011101110111010100001
Convert -9469048 (base 10) to base 16.
-907c78
What is 4582866 (base 9) in base 5?
1113210123
388a836 (base 11) to base 9
13604037
Convert -3783146 (base 10) to base 7.
-44104403
Convert 52072 (base 11) to base 5.
4412241
What is a7296 (base 13) in base 9?
508454
What is -1111101100011000 (base 2) in base 3?
-10021011202
-32131075 (base 8) to base 13
-15630ac
Convert 22010103 (base 4) to base 11.
28a87
What is 10122454 (base 6) in base 12?
12042a
What is b194 (base 14) in base 13?
10b6c
What is 238e4 (base 15) in base 3?
12202112121
What is 3411230 (base 6) in base 15?
36269
Convert 275544 (base 8) to base 16.
17b64
Convert -413217 (base 13) to base 3.
-2212020222120
-3053625 (base 7) to base 3
-200121110110
What is 25b389 (base 12) in base 3?
1011112200220
11110100000010110010011 (base 2) to base 12
2817957
What is -5676316 (base 10) in base 2?
-10101101001110100011100
What is 2735a (base 14) in base 9?
156583
What is 3333431 (base 6) in base 12?
81277
-2100222211 (base 3) to base 6
-555551
Convert 1809373 (base 12) to base 15.
6894c6
What is -273534 (base 9) in base 2?
-101000101011111000
What is -43411010 (base 5) in base 16?
-5af96
-1476647 (base 9) to base 7
-6646126
Convert -19da71 (base 16) to base 7.
-20254466
51453344 (base 6) to base 10
1484704
-15065652 (base 8) to base 6
-201344442
What is 64306255 (base 7) in base 11?
30a25a1
What is 122015 (base 7) in base 10?
22307
What is 12427dd (base 14) in base 11?
4a47a53
What is 12434690 (base 10) in base 2?
101111011011110100000010
-32ad37 (base 14) to base 2
-110100100000000010101
What is 12021010200 (base 3) in base 10?
103617
Convert -6289600 (base 10) to base 4.
-113333203000
What is 3b9983 (base 15) in base 10?
2867523
Convert 22044602 (base 7) to base 5.
441044111
Convert -2202210000 (base 3) to base 5.
-3221023
Convert -211021213 (base 4) to base 10.
-152167
Convert -10101101010011101001111 (base 2) to base 16.
-56a74f
-13024 (base 6) to base 5
-30320
What is 102110021120111 (base 3) in base 4?
113032032100
26460 (base 12) to base 5
3134423
Convert 11010111111010101001011 (base 2) to base 8.
32772513
What is -947a07 (base 14) in base 10?
-5015255
What is -15e8a (base 16) in base 13?
-31acc
What is -25305 (base 15) in base 13?
-420cb
-14021442 (base 6) to base 2
-1110010101000100010
31396 (base 13) to base 15
1b35a
What is 6928d (base 14) in base 15?
50b74
What is -5297502 (base 10) in base 12?
-1935826
Convert 12640236 (base 7) to base 13.
31c37a
What is 4401a (base 11) in base 2?
1111100110100101
27521 (base 14) to base 5
11101144
Convert -38643 (base 11) to base 5.
-3232334
What is -43143424 (base 5) in base 7?
-3051365
What is -2524 (base 16) in base 5?
-301013
-18bd220 (base 15) to base 4
-1010322312213
What is 121002100202 (base 3) in base 10?
316649
What is -e23b (base 16) in base 9?
-87400
What is -373487 (base 9) in base 11?
-1445aa
Convert 23234 (base 11) to base 7.
166553
What is 55012163 (base 7) in base 2?
10001111101101100010101
What is 53958 (base 12) in base 15?
229d8
What is 1b011 (base 16) in base 6?
2212025
What is -3202122333 (base 4) in base 12?
-388853
-2399a9 (base 12) to base 14
-110317
Convert -79074 (base 13) to base 6.
-4413323
-b8a34 (base 13) to base 8
-1213250
47136 (base 13) to base 11
89604
Convert -2122112222 (base 3) to base 12.
-2622b
Convert 16f9b (base 16) to base 3.
11210002110
Convert -d8c3 (base 14) to base 12.
-19797
Convert 22002201011 (base 3) to base 16.
26ecf
What is -10c03c (base 15) in base 13?
-220143
Convert -19b28e (base 15) to base 10.
-1252709
Convert 11010011100100010011 (base 2) to base 3.
1122000201112
What is 102823 (base 15) in base 11?
484a84
-fbc1e (base 16) to base 12
-418912
1801554 (base 10) to base 11
1020597
Convert -da3d7 (base 14) to base 12.
-215409
-4311442020 (base 5) to base 16
-8ac109
2c43 (base 15) to base 6
112013
Convert 13e8a (base 15) to base 13.
231b5
What is 50001 (base 14) in base 6?
4041133
Convert -125782 (base 11) to base 6.
-4124153
Convert -1cd05 (base 15) to base 6.
-2003235
What is c70b7b (base 13) in base 5?
2143014104
What is 11001111001011001110 (base 2) in base 11?
52a616
-7071050 (base 8) to base 2
-111000111001000101000
-11011202002100 (base 3) to base 9
-4152070
What is 220000101202 (base 3) in base 10?
472682
Convert -100001110101001101 (base 2) to base 15.
-2b0d3
What is 1132032 (base 4) in base 11?
4592
Convert -2011120122 (base 3) to base 15.
-c9be
818893 (base 14) to base 2
10000101001100101110001
106535135 (base 7) to base 6
352403335
What is 2eb89 (base 16) in base 3?
100201111202
20871823 (base 9) to base 13
2121858
What is -11011011011000111000 (base 2) in base 16?
-db638
What is 1234911 (base 14) in base 9?
17380611
Convert 2232031032 (base 4) to base 3.
1100020210210
What is 66656 (base 11) in base 10?
96619
Convert 101011100021 (base 3) to base 4.
300310330
Convert -186344 (base 11) to base 7.
-2302333
What is -100011101000111 (base 2) in base 9?
-27024
-3252aa (base 16) to base 12
-1130662
What is -52c1c2 (base 15) in base 13?
-a7bbb6
10723633 (base 10) to base 5
10221124013
What is -40430242 (base 5) in base 10?
-326947
Convert 143525324 (base 6) to base 9.
5544477
Convert 134501013 (base 6) to base 12.
b04769
Convert 80984 (base 10) to base 6.
1422532
-109431 (base 11) to base 4
-222113230
203231210013 (base 4) to base 7
142400334
Convert 12220500 (base 8) to base 3.
12001221111220
Convert -621057 (base 8) to base 10.
-205359
Convert 8285a (base 14) to base 3.
120222100211
Convert 18706a (base 13) to base 9.
1136858
1750433 (base 10) to base 3
10021221010212
Convert -302a09 (base 12) to base 6.
-24034413
-112013465 (base 7) to base 12
-2352bab
What is -42c5a8 (base 14) in base 11?
-1305681
What is -3a2c4 (base 13) in base 8?
-323167
What is 31200312022 (base 4) in base 13?
970501
What is 322667 (base 8) in base 7?
626515
Convert 130198 (base 11) to base 4.
302012102
Convert 178a106 (base 12) to base 10.
4911126
3846436 (base 9) to base 4
20000020122
-1020110220102 (base 3) to base 15
-d039b
-10011222221222 (base 3) to base 9
-3158858
Convert 24929 (base 15) to base 13.
41229
-36bd46 (base 14) to base 15
-271127
Convert 13423453 (base 7) to base 12.
503307
650fc (base 16) to base 4
1211003330
What is -731ab7 (base 14) in base 5?
-1443304011
-211234342 (base 5) to base 11
-553a54
Convert -8b220 (base 13) to base 8.
-756133
What is -272a97 (base 14) in base 8?
-5120715
What is -88e18a (base 16) in base 4?
-202032012022
Convert 11541576 (base 8) to base 10.
2540414
Convert -201121201220 (base 3) to base 7.
-3165612
What is 113244151 (base 7) in base 14?
cdbc98
What is 5221011 (base 6) in base 15?
4e867
Convert 6ba32 (base 14) to base 9.
440301
What is 121585 (base 9) in base 5?
4322012
Convert -143752